rue
Is 47897 prime?
False
Is 34157 prime?
True
Is 6209 a composite number?
True
Is 315547 a composite number?
False
Is 40087 composite?
False
Is 7418 a prime number?
False
Is 280221 prime?
False
Is 331 prime?
True
Is 23461 a prime number?
False
Is 120223 prime?
True
Is 42281 composite?
False
Is 254647 a composite number?
False
Is 4891 prime?
False
Is 11131 prime?
True
Is 23741 a composite number?
False
Is 4621 a prime number?
True
Is 48119 a composite number?
False
Is 532767 a prime number?
False
Is 1780543 composite?
True
Is 593767 composite?
False
Is 42853 a prime number?
True
Is 3943 a prime number?
True
Is 85661 a prime number?
True
Is 288865 prime?
False
Is 3593 prime?
True
Is 180737 a prime number?
False
Is 110477 a composite number?
False
Is 3163 prime?
True
Is 1219 a composite number?
True
Is 3227 prime?
False
Is 9091 composite?
False
Is 14119 prime?
False
Is 184389 a composite number?
True
Is 188957 composite?
False
Is 36073 a composite number?
False
Is 11249 a prime number?
False
Is 45359 a composite number?
True
Is 37087 composite?
False
Is 102965 a composite number?
True
Is 24593 composite?
False
Is 4861 composite?
False
Is 15167 a prime number?
False
Is 31009 composite?
True
Is 14479 a prime number?
True
Is 17159 prime?
True
Is 241669 prime?
False
Is 4721 a prime number?
True
Is 41387 a composite number?
False
Is 1003517 prime?
True
Is 26029 composite?
False
Is 18773 composite?
False
Is 1309163 a composite number?
False
Is 2669 a prime number?
False
Is 51059 a prime number?
True
Is 336221 composite?
False
Is 32251 composite?
False
Is 386329 a prime number?
True
Is 136039 a prime number?
False
Is 11989 a prime number?
False
Is 29897 a composite number?
True
Is 42739 a prime number?
False
Is 26099 prime?
True
Is 15311 composite?
True
Is 2333 prime?
True
Is 901 a prime number?
False
Is 182561 a composite number?
False
Is 1651 composite?
True
Is 88901 prime?
False
Is 336134 a prime number?
False
Is 2831 prime?
False
Is 1042081 a composite number?
False
Is 1347 composite?
True
Is 43889 a composite number?
False
Is 699931 a composite number?
False
Is 319 composite?
True
Is 911509 composite?
True
Is 1361 composite?
False
Is 50473 prime?
False
Is 29431 a prime number?
False
Is 408509 a composite number?
True
Is 8069 prime?
True
Is 106591 prime?
True
Is 83831 a composite number?
True
Is 11969 a prime number?
True
Is 443 a composite number?
False
Is 4628887 prime?
False
Is 37087 a prime number?
True
Is 70051 composite?
False
Is 74771 composite?
False
Is 111109 prime?
True
Is 486241 composite?
True
Is 34757 a prime number?
True
Is 1262 composite?
True
Is 29917 prime?
True
Is 1445131 prime?
False
Is 16837 composite?
True
Is 3221 prime?
True
Is 24711 composite?
True
Is 77773 prime?
True
Is 199951 prime?
False
Is 4317967 a composite number?
False
Is 28559 a prime number?
True
Is 4201 a prime number?
True
Is 193367 prime?
True
Is 51539 a composite number?
False
Is 2170391 a composite number?
True
Is 1481743 prime?
True
Is 19361 a composite number?
True
Is 179623 prime?
True
Is 74597 a composite number?
False
Is 11599 a composite number?
True
Is 178645 a prime number?
False
Is 23357 composite?
False
Is 21451 a prime number?
False
Is 1584499 prime?
False
Is 78491 a prime number?
False
Is 213685 prime?
False
Is 41161 a prime number?
True
Is 206623 composite?
False
Is 66919 prime?
True
Is 935683 composite?
True
Is 4049 prime?
True
Is 3518 a composite number?
True
Is 327847 composite?
True
Is 323293 composite?
True
Is 4837 composite?
True
Is 11333 a prime number?
False
Is 5833393 composite?
False
Is 60785 a composite number?
True
Is 41221 composite?
False
Is 311147 a prime number?
False
Is 9379 composite?
True
Is 39293 composite?
False
Is 13523 prime?
True
Is 161717 prime?
True
Is 199999 a composite number?
False
Is 1056029 a composite number?
True
Is 19897 prime?
False
Is 923501 a prime number?
True
Is 177167 a prime number?
True
Is 19919 a prime number?
True
Is 4432069 a composite number?
False
Is 85633 a composite number?
True
Is 13901 a prime number?
True
Is 15437 composite?
True
Is 1808749 composite?
True
Is 9917 prime?
False
Is 664129 prime?
False
Is 81053 composite?
True
Is 540989 composite?
False
Is 1357 prime?
False
Is 1387943 a composite number?
False
Is 1567 prime?
True
Is 61751 composite?
False
Is 363091 composite?
True
Is 375281 a composite number?
False
Is 478039 prime?
True
Is 970421 a composite number?
False
Is 95177 composite?
False
Is 341569 a prime number?
True
Is 4621 composite?
False
Is 98507 a composite number?
False
Is 258949 prime?
True
Is 156049 a composite number?
True
Is 5398 prime?
False
Is 1769 prime?
False
Is 6673 a prime number?
True
Is 281153 prime?
True
Is 7411 a composite number?
False
Is 892901 composite?
False
Is 2777 composite?
False
Is 67523 composite?
False
Is 78229 composite?
False
Is 119303 a composite number?
True
Is 2921 composite?
True
Is 590918 composite?
True
Is 1318 composite?
True
Is 9277 prime?
True
Is 579389 a composite number?
True
Is 54933 composite?
True
Is 263047 a prime number?
True
Is 11149 prime?
True
Is 1424723 prime?
True
Is 797273 a prime number?
True
Is 30833 a composite number?
True
Is 14893 composite?
True
Is 42503 a composite number?
True
Is 50671 prime?
True
Is 42193 a composite number?
False
Is 67387 a composite number?
True
Is 2372857 a prime number?
True
Is 1357333 a composite number?
False
Is 4861 composite?
False
Is 187203 prime?
False
Is 348679 composite?
True
Is 139249 a composite number?
True
Is 28999 a prime number?
False
Is 242591 composite?
False
Is 22669 a composite number?
False
Is 43427 a composite number?
False
Is 8483 a prime number?
False
Is 4109 composite?
True
Is 631 a prime number?
True
Is 23459 a composite number?
False
Is 159647 composite?
True
Is 827579 a prime number?
False
Is 141091 composite?
True
Is 34819 prime?
True
Is 936365 a prime number?
False
Is 742831 prime?
False
Is 1757 a composite number?
True
Is 8261 prime?
False
Is 49067 a composite number?
True
Is 37747 a prime number?
True
Is 24343 a prime number?
False
Is 3109 composite?
False
Is 8209 composite?
False
Is 19347 a prime number?
False
Is 203821 prime?
True
Is 10687 composite?
False
Is 66337 a prime number?
True
Is 199493 a prime number?
False
Is 668739 prime?
False
Is 48845 a prime number?
False
Is 8705 a composite number?
True
Is 2899 prime?
False
Is 2697827 a prime number?
False
Is 9029 composite?
False
Is 36653 a composite number?
False
Is 3433 prime?
True
Is 305839 a composite number?
False
Is 779151 a prime number?
False
Is 2533 a prime number?
False
Is 1651 a prime number?
False
Is 8923 prime?
True
Is 3299 a prime number?
True
Is 678493 composite?
False
Is 2231 a prime number?
False
Is 193411 a prime number?
False
Is 273251 composite?
True
Is 213343 prime?
False
Is 38009 composite?
True
Is 885379 a composite number?
True
Is 122081 composite?
False
Is 10953439 prime?
False
Is 379243 prime?
False
Is 444401 prime?
True
Is 114641 composite?
False
Is 613 a prime number?
True
Is 278459 composite?
False
Is 11105 a composite number?
True
Is 1569 a composite number?
True
Is 127199 prime?
False
Is 377259 composite?
True
Is 863713 a prime number?
False
Is 18607 a prime number?
False
Is 63949 composite?
False
Is 14566 a composite number?
True
Is 105071 prime?
True
Is 350221 prime?
False
Is 5737 a prime number?
True
Is 6163 a composite number?
False
Is 95807 prime?
False
Is 3307 a composite number?
False
Is 1783 a composite number?
False
Is 18893 a prime number?
False
Is 2329 prime?
False
Is 152879 prime?
True
Is 1594 composite?
True
Is 161723 prime?
False
Is 1171393 prime?
True
Is 105817 composite?
False
Is 15727 composite?
False
Is 75241 a prime number?
False
Is 37606 composite?
True
Is 293 composite?
False
Is 24667 composite?
True
Is 7109 composite?
False
Is 51533 prime?
False
Is 44323 a prime number?
False
Is 53671 composite?
True
Is 247547 composite?
False
Is 404617 composite?
True
Is 7817 prime?
True
Is 52909 a composite number?
True
Is 201661 prime?
True
Is 1759 prime?
True
Is 2176921 a prime number?
True
Is 69857 a prime number?
True
Is 4091 composite?
False
Is 20283 a prime number?
False
Is 35671 prime?
True
Is 15374 a composite number?
True
Is 3953 a composite number?
True
Is 8663 a composi